{"id":301,"date":"2019-12-03T12:58:04","date_gmt":"2019-12-03T12:58:04","guid":{"rendered":"http:\/\/pastravarie.ro\/nou\/?page_id=301"},"modified":"2020-01-29T12:04:13","modified_gmt":"2020-01-29T12:04:13","slug":"puiet-pastrav","status":"publish","type":"page","link":"https:\/\/www.pastravarie.ro\/index.php\/puiet-pastrav\/","title":{"rendered":"Puiet P\u0103strav"},"content":{"rendered":"<p>[et_pb_section fb_built=&#8221;1&#8243; _builder_version=&#8221;3.29.2&#8243; fb_built=&#8221;1&#8243; _i=&#8221;0&#8243; _address=&#8221;0&#8243;][et_pb_row column_structure=&#8221;1_3,1_3,1_3&#8243; _builder_version=&#8221;3.29.2&#8243; _i=&#8221;0&#8243; _address=&#8221;0.0&#8243;][et_pb_column type=&#8221;1_3&#8243; _builder_version=&#8221;3.29.2&#8243; _i=&#8221;0&#8243; _address=&#8221;0.0.0&#8243;][et_pb_blurb title=&#8221;P\u0103strav curcubeu&#8221; image=&#8221;http:\/\/pastravarie.ro\/nou\/wp-content\/uploads\/2019\/12\/pastrav_curcubeu-1.jpg&#8221; _builder_version=&#8221;3.29.2&#8243; header_level=&#8221;h2&#8243; header_font=&#8221;ABeeZee||||||||&#8221; custom_margin=&#8221;15px||15px||false|false&#8221; custom_padding=&#8221;15px|15px|15px|15px|false|false&#8221; animation_style=&#8221;fold&#8221; hover_enabled=&#8221;0&#8243; border_radii=&#8221;on|5px|5px|5px|5px&#8221; box_shadow_style=&#8221;preset1&#8243; _i=&#8221;0&#8243; _address=&#8221;0.0.0.0&#8243;]<\/p>\n<p style=\"text-align: left;\">Originar din America de Nord si denumit \u201cpastravul american\u201d este \u00eencruci\u015fat cu o varietate danez\u0103.<\/p>\n<p style=\"text-align: left;\">Este o specie caracterizata prin dezvoltarea (cre\u015fterea) rapid\u0103, rezisten\u0163a la varia\u0163iile de temperatur\u0103 suport\u00e2nd temperaturi ridicate de p\u00e2n\u0103 la 24 grade C, fiind astfel recomandat pentru cre\u015fterea intensiv\u0103. \u00cen condi\u0163ii optime poate ajunge 300 g \u00een 12 luni.<\/p>\n<p style=\"text-align: center;\">[\/et_pb_blurb][\/et_pb_column][et_pb_column type=&#8221;1_3&#8243; _builder_version=&#8221;3.29.2&#8243; _i=&#8221;1&#8243; _address=&#8221;0.0.1&#8243;][et_pb_blurb title=&#8221;P\u0103strav indigen&#8221; image=&#8221;http:\/\/pastravarie.ro\/nou\/wp-content\/uploads\/2019\/12\/pastrav_indigen.jpg&#8221; _builder_version=&#8221;3.29.2&#8243; header_level=&#8221;h2&#8243; header_font=&#8221;ABeeZee||||||||&#8221; custom_margin=&#8221;15px|0px|15px|0px|false|false&#8221; custom_padding=&#8221;15px|15px|15px|15px|false|false&#8221; animation_style=&#8221;fold&#8221; border_radii=&#8221;on|5px|5px|5px|5px&#8221; box_shadow_style=&#8221;preset1&#8243; _i=&#8221;0&#8243; _address=&#8221;0.0.1.0&#8243;]<\/p>\n<p style=\"text-align: left;\">Denumit de pescari si \u201cindigenul\u201d, este cel mai raspandit in raurile din Carpati, comparativ cu ceilalti pastravi, cu lostrita ori lipanul.<\/p>\n<p style=\"text-align: left;\">Este cel mai gustos \u015fi frumos p\u0103str\u0103v, avand nevoie de ape limpezi si reci a caror temperatura sa nu treaca de 17-18 grade, bogate in oxigen . \u00cen condi\u0163ii optime \u00een p\u0103str\u0103v\u0103rii, poate ajunge p\u00e2n\u0103 la 150 g \u00een 12 luni.<\/p>\n<p style=\"text-align: center;\">[\/et_pb_blurb][\/et_pb_column][et_pb_column type=&#8221;1_3&#8243; _builder_version=&#8221;3.29.2&#8243; _i=&#8221;2&#8243; _address=&#8221;0.0.2&#8243;][et_pb_blurb title=&#8221;P\u0103strav f\u00e2nt\u00e2nel&#8221; image=&#8221;http:\/\/pastravarie.ro\/nou\/wp-content\/uploads\/2019\/12\/pastrav_fantanel.jpg&#8221; _builder_version=&#8221;3.29.2&#8243; header_level=&#8221;h2&#8243; header_font=&#8221;ABeeZee||||||||&#8221; custom_margin=&#8221;15px||15px||false|false&#8221; custom_padding=&#8221;15px|15px|15px|15px|false|false&#8221; animation_style=&#8221;fold&#8221; border_radii=&#8221;on|5px|5px|5px|5px&#8221; box_shadow_style=&#8221;preset1&#8243; _i=&#8221;0&#8243; _address=&#8221;0.0.2.0&#8243;]<\/p>\n<p style=\"text-align: left;\">Raspandit in toata Europa, reprezint\u0103 \u00eencruci\u015farea dintre o specie din America de Nord \u015fi o specie din Cehia. Se dezvolt\u0103 bine \u00een zone mai reci cu temperatur\u0103 de p\u00e2n\u0103 la 20 grade C, dar poate cre\u015fte \u015fi la temperaturi mai sc\u0103zute de 2-3 grade C.<\/p>\n<p style=\"text-align: left;\">\u00cen condi\u0163ii optime de dezvoltare poate ajunge la 250g \u00een 12 luni. Are o coloratie deosebit de vie si de frumoasa. Spatele este brun-verzui cu desene mai deschise la nuanta, are numeroase puncte rosii-portocalii.<\/p>\n<p style=\"text-align: center;\">[\/et_pb_blurb][\/et_pb_column][\/et_pb_row][\/et_pb_section]<\/p>\n","protected":false},"excerpt":{"rendered":"<p>Originar din America de Nord si denumit \u201cpastravul american\u201d este \u00eencruci\u015fat cu o varietate danez\u0103. Este o specie caracterizata prin dezvoltarea (cre\u015fterea) rapid\u0103, rezisten\u0163a la varia\u0163iile de temperatur\u0103 suport\u00e2nd temperaturi ridicate de p\u00e2n\u0103 la 24 grade C, fiind astfel recomandat pentru cre\u015fterea intensiv\u0103. \u00cen condi\u0163ii optime poate ajunge 300 g \u00een 12 luni. Denumit de [&hellip;]<\/p>\n","protected":false},"author":1,"featured_media":0,"parent":0,"menu_order":0,"comment_status":"closed","ping_status":"closed","template":"","meta":{"_et_pb_use_builder":"on","_et_pb_old_content":"","_et_gb_content_width":""},"_links":{"self":[{"href":"https:\/\/www.pastravarie.ro\/index.php\/wp-json\/wp\/v2\/pages\/301"}],"collection":[{"href":"https:\/\/www.pastravarie.ro\/index.php\/wp-json\/wp\/v2\/pages"}],"about":[{"href":"https:\/\/www.pastravarie.ro\/index.php\/wp-json\/wp\/v2\/types\/page"}],"author":[{"embeddable":true,"href":"https:\/\/www.pastravarie.ro\/index.php\/wp-json\/wp\/v2\/users\/1"}],"replies":[{"embeddable":true,"href":"https:\/\/www.pastravarie.ro\/index.php\/wp-json\/wp\/v2\/comments?post=301"}],"version-history":[{"count":22,"href":"https:\/\/www.pastravarie.ro\/index.php\/wp-json\/wp\/v2\/pages\/301\/revisions"}],"predecessor-version":[{"id":549,"href":"https:\/\/www.pastravarie.ro\/index.php\/wp-json\/wp\/v2\/pages\/301\/revisions\/549"}],"wp:attachment":[{"href":"https:\/\/www.pastravarie.ro\/index.php\/wp-json\/wp\/v2\/media?parent=301"}],"curies":[{"name":"wp","href":"https:\/\/api.w.org\/{rel}","templated":true}]}}